{"id":186,"date":"2023-11-05T19:08:58","date_gmt":"2023-11-05T18:08:58","guid":{"rendered":"https:\/\/obstbaumschule-wangelin.de\/?page_id=186"},"modified":"2026-03-09T12:56:10","modified_gmt":"2026-03-09T11:56:10","slug":"oeffnungszeiten","status":"publish","type":"page","link":"https:\/\/obstbaumschule-wangelin.de\/index.php\/oeffnungszeiten\/","title":{"rendered":"\u00d6ffnungszeiten"},"content":{"rendered":"\n<p>+++ In der Fr\u00fchjahrssaison von M\u00e4rz bis Ende April haben wir regul\u00e4r jeweils <strong>Freitag von 14.00 &#8211; 18.00 Uhr und Samstag von 10.00- 13.00 Uhr <\/strong>      ge\u00f6ffnet. <\/p>\n\n\n\n<p>Dar\u00fcber hinaus empfangen wir Sie gerne <strong>wochentags nach vorheriger Vereinbarung<\/strong> zu Besichtigungs-, Beratungs- und Verkaufsterminen+++<\/p>\n\n\n\n<p><\/p>\n\n\n\n<p class=\"has-text-align-left has-text-color has-large-font-size\" style=\"color:#8a4d43\">Anfragen und Bestellungen <\/p>\n\n\n\n<p class=\"has-text-align-center has-dark-gray-color has-text-color has-link-color has-small-font-size wp-elements-f6b159428dfca4d7e7ae2187b1551d3b\"><\/p>\n\n\n\n<p class=\"has-text-align-center has-dark-gray-color has-text-color has-link-color has-small-font-size wp-elements-f6b159428dfca4d7e7ae2187b1551d3b\"><\/p>\n\n\n\n<p>sind gerne unter 0176 48315513 von 10.00 bis 17.00 Uhr oder per E-Mail an kontakt@obstbaumschule-wangelin.de m\u00f6glich.<\/p>\n\n\n\n<p>Wir freuen uns auf Sie.<\/p>\n\n\n\n<p class=\"has-text-align-center has-dark-gray-color has-text-color has-link-color has-small-font-size wp-elements-7c7d1947a3e4c3619bcd879c6c93fe76\">Ihre Obstbaumschule in Wangelin<\/p>\n\n\n\n<p class=\"has-text-align-left\"><br>Obstbaumschule Wangelin<br>Vietl\u00fcbber Stra\u00dfe<br>19395 Ganzlin\/OT Wangelin<\/p>\n\n\n\n<p class=\"has-text-align-left\">(direkt neben dem Wangeliner Garten)<\/p>\n\n\n\n<p class=\"has-text-align-left\">Telefon: 0176 48 31 55 13 (Holger Zimmermann)<br>E-Mail: <a href=\"mailto:kontakt@obstbaumschule-wangelin.de\">kontakt@obstbaumschule-wangelin.de<\/a><\/p>\n\n\n\n<p class=\"has-text-align-left\">Instagram: <a href=\"https:\/\/www.instagram.com\/poms_n_roses\/\" target=\"_blank\" rel=\"noreferrer noopener\">poms _ n _ roses<\/a><\/p>\n","protected":false},"excerpt":{"rendered":"<p>+++ In der Fr\u00fchjahrssaison von M\u00e4rz bis Ende April haben wir regul\u00e4r jeweils Freitag von 14.00 &#8211; 18.00 Uhr und Samstag von 10.00- 13.00 Uhr ge\u00f6ffnet. Dar\u00fcber hinaus empfangen wir Sie gerne wochentags nach vorheriger Vereinbarung zu Besichtigungs-, Beratungs- und Verkaufsterminen+++ Anfragen und Bestellungen sind gerne unter 0176 48315513 von 10.00 bis 17.00 Uhr oder&hellip; <a class=\"more-link\" href=\"https:\/\/obstbaumschule-wangelin.de\/index.php\/oeffnungszeiten\/\"><span class=\"screen-reader-text\">\u00d6ffnungszeiten<\/span> weiterlesen<\/a><\/p>\n","protected":false},"author":1,"featured_media":0,"parent":0,"menu_order":1,"comment_status":"closed","ping_status":"closed","template":"","meta":{"footnotes":""},"class_list":["post-186","page","type-page","status-publish","hentry","entry"],"_links":{"self":[{"href":"https:\/\/obstbaumschule-wangelin.de\/index.php\/wp-json\/wp\/v2\/pages\/186","targetHints":{"allow":["GET"]}}],"collection":[{"href":"https:\/\/obstbaumschule-wangelin.de\/index.php\/wp-json\/wp\/v2\/pages"}],"about":[{"href":"https:\/\/obstbaumschule-wangelin.de\/index.php\/wp-json\/wp\/v2\/types\/page"}],"author":[{"embeddable":true,"href":"https:\/\/obstbaumschule-wangelin.de\/index.php\/wp-json\/wp\/v2\/users\/1"}],"replies":[{"embeddable":true,"href":"https:\/\/obstbaumschule-wangelin.de\/index.php\/wp-json\/wp\/v2\/comments?post=186"}],"version-history":[{"count":34,"href":"https:\/\/obstbaumschule-wangelin.de\/index.php\/wp-json\/wp\/v2\/pages\/186\/revisions"}],"predecessor-version":[{"id":497,"href":"https:\/\/obstbaumschule-wangelin.de\/index.php\/wp-json\/wp\/v2\/pages\/186\/revisions\/497"}],"wp:attachment":[{"href":"https:\/\/obstbaumschule-wangelin.de\/index.php\/wp-json\/wp\/v2\/media?parent=186"}],"curies":[{"name":"wp","href":"https:\/\/api.w.org\/{rel}","templated":true}]}}